{"id":3819,"date":"2025-12-17T15:59:52","date_gmt":"2025-12-17T18:59:52","guid":{"rendered":"https:\/\/eab-bue.infd.edu.ar\/sitio\/?page_id=3819"},"modified":"2026-02-07T12:42:27","modified_gmt":"2026-02-07T15:42:27","slug":"mayo-2026","status":"publish","type":"page","link":"https:\/\/eab-bue.infd.edu.ar\/sitio\/mayo-2026\/","title":{"rendered":"Mayo 2026"},"content":{"rendered":"\n<figure class=\"wp-block-embed is-type-video is-provider-youtube wp-block-embed-youtube wp-embed-aspect-16-9 wp-has-aspect-ratio\"><div class=\"wp-block-embed__wrapper\">\n<iframe loading=\"lazy\" title=\"Mayo 2026. El plebeyo (Vals peruano)\" width=\"1200\" height=\"675\" src=\"https:\/\/www.youtube.com\/embed\/dgHZANNZHHE?feature=oembed\" frameborder=\"0\" allow=\"accelerometer; autoplay; clipboard-write; encrypted-media; gyroscope; picture-in-picture; web-share\" referrerpolicy=\"strict-origin-when-cross-origin\" allowfullscreen><\/iframe>\n<\/div><\/figure>\n\n\n\n<h5 class=\"wp-block-heading\"><strong>Calendario Multidisciplinar 2026:<em>&nbsp;Bit\u00e1cora de un viaje por el arte americano<\/em><br>Escuela de Arte de Berisso<\/strong><\/h5>\n\n\n\n<p><strong>Coordinadores:<\/strong>&nbsp;profesores Paula Pellegrino y Alejandro Pereira Ghiena<\/p>\n\n\n\n<h5 class=\"wp-block-heading\"><em>Bit\u00e1cora<\/em><\/h5>\n\n\n\n<blockquote class=\"wp-block-quote\">\n<p><em>Lima, Per\u00fa, 14 de mayo de 2026<\/em><\/p>\n\n\n\n<p><em>Segu\u00eda tarareando el \u00faltimo verso del vals que disfrutamos anoche en el Centro Cultural Bre\u00f1a, cuando advert\u00ed que est\u00e1bamos cruzando el Puente de los Suspiros\u2026<\/em><\/p>\n\n\n\n<p class=\"has-text-align-center\"><em>\u201cEl plebeyo de ayer<\/em><br><em>Es el rebelde de hoy<\/em><br><em>Que por doquier pregona<\/em><br><em>La igualdad en el amor\u201d<\/em><\/p>\n\n\n\n<p><em>Leo hab\u00eda programado la visita al taller de lutheria Guitarras Falc\u00f3n. El nieto de Abraham nos cont\u00f3 c\u00f3mo su abuelo le ense\u00f1\u00f3 los secretos para la construcci\u00f3n de una guitarra cl\u00e1sica. Le ped\u00ed permiso a Enrique para ilustrar las herramientas y los materiales de su taller. Mientras tanto, Leo se deleit\u00f3 probando la sonoridad de la guitarra.<\/em><\/p>\n<cite>Constanza<\/cite><\/blockquote>\n\n\n\n<p><strong>El plebeyo<\/strong> <strong>&nbsp;(Vals Peruano)<\/strong><br>M\u00fasica y letra: Felipe Pinglo Alva<\/p>\n\n\n\n<p><strong>Participantes:<\/strong><\/p>\n\n\n\n<p><strong>M\u00fasica:<\/strong> Elementos T\u00e9cnicos del G\u00e9nero II. Profesor: Mart\u00edn Sessa.@sessa_martin<\/p>\n\n\n\n<p>M\u00fasicxs:<br>Flauta traversa: Martin Sessa<br>Voz: Nadia Sam\u00e1<br>Bajo: Juli\u00e1n Medina<br>Guitarra: Facundo Codino <br>Caj\u00f3n peruano: Homero Serra y Milena Ray\u00e9n Freyre<\/p>\n\n\n\n<p><strong>Ilustraci\u00f3n:<\/strong>&nbsp;Camila Chinelli Pe\u00f1a <br>Taller de Ilustraci\u00f3n III. Profesora Paula Pellegrino.<br>Tecnicatura en Ilustraci\u00f3n.<\/p>\n\n\n\n<p><strong>Danza<\/strong>: Instituci\u00f3n Peruana Argentina de La Plata y Berisso <br>Profesora Marisol Bustos <\/p>\n\n\n\n<p>Int\u00e9rpretes:\u00a0<br>Antonio Soraluz <br>Mateo Ocas <br>Celeste Diaz <br>Antonella Molina <br>Yanela Crisologo <br>Mat\u00edas Rivero <br>Michael de la Cruz<br>Nicole Vigo <br>Sharon Chavez<br>Henry Choque <br>Guadalupe Pozzebon <br>Ail\u00edn Montenegro <\/p>\n\n\n\n<p><strong>Dise\u00f1o:<\/strong>&nbsp;Jos\u00e9 Grosso <br>Proyecto de Extensi\u00f3n Taller de Producci\u00f3n Gr\u00e1fica y Multimedia.<\/p>\n\n\n\n<p><strong>Grabaci\u00f3n<\/strong>: Tecnicatura en Sonido y Grabaci\u00f3n de la Facultad de Artes, UNLP:&nbsp;<br>Profesor Pablo Balut <\/p>\n\n\n\n<p><strong>Mezcla<\/strong>: Tecnicatura en Sonido y Grabaci\u00f3n de la Facultad de Artes, UNLP:<br>Profesor Santiago \u00c1vila <\/p>\n\n\n\n<p><strong>Locaci\u00f3n: <\/strong>Ra\u00edces del Dawson, calle Nueva York y Marsella, Berisso.<\/p>\n\n\n\n<p><strong>Producci\u00f3n audiovisual: <\/strong>Alejandro Pereira Ghiena y Paula Pellegrino<\/p>\n\n\n\n<figure class=\"wp-block-image size-full\"><img decoding=\"async\" loading=\"lazy\" width=\"1440\" height=\"1600\" src=\"https:\/\/eab-bue.infd.edu.ar\/sitio\/wp-content\/uploads\/2026\/02\/05-MAYO.png\" alt=\"\" class=\"wp-image-3902\" srcset=\"https:\/\/eab-bue.infd.edu.ar\/sitio\/wp-content\/uploads\/2026\/02\/05-MAYO.png 1440w, https:\/\/eab-bue.infd.edu.ar\/sitio\/wp-content\/uploads\/2026\/02\/05-MAYO-900x1000.png 900w, https:\/\/eab-bue.infd.edu.ar\/sitio\/wp-content\/uploads\/2026\/02\/05-MAYO-768x853.png 768w, https:\/\/eab-bue.infd.edu.ar\/sitio\/wp-content\/uploads\/2026\/02\/05-MAYO-1382x1536.png 1382w\" sizes=\"(max-width: 1440px) 100vw, 1440px\" \/><\/figure>\n\n\n\n<h5 class=\"wp-block-heading\">Vals peruano al estilo de Julia Codesido<\/h5>\n\n\n\n<blockquote class=\"wp-block-quote\">\n<p><em>Me inspir\u00e9 en las obras de Julia Codesido, una importante artista&nbsp; peruana del siglo XX. Sus obras estuvieron influenciadas por una est\u00e9tica indigenista y un alto grado de compromiso social; los tonos opacos y c\u00e1lidos, su manera de representar la figura humana y el uso de la perspectiva, le dieron un detalle \u00fanico a su estilo.<\/em><\/p>\n\n\n\n<p><em>La ilustraci\u00f3n presenta un tramo del recorrido de los protagonistas del viaje, recuperando la po\u00e9tica de Julia Codesido, retratando en primer plano a Leo y Coti y dejando apreciar en el fondo el \u201cPuente de los Suspiros, un lugar muy popular de Lima: cuenta una leyenda que si se cruza el puente conteniendo la respiraci\u00f3n se cumplir\u00e1 un deseo.&nbsp;<\/em><\/p>\n<cite>Camila Chinelli Pe\u00f1a<\/cite><\/blockquote>\n\n\n\n<p class=\"has-text-align-center\"><strong><a href=\"https:\/\/eab-bue.infd.edu.ar\/sitio\/calendario-2026\/\">Volver a la p\u00e1gina principal del Calendario 2026<\/a><\/strong><\/p>\n","protected":false},"excerpt":{"rendered":"<p>Calendario Multidisciplinar 2026:&nbsp;Bit\u00e1cora de un viaje por el arte americanoEscuela de Arte de Berisso Coordinadores:&nbsp;profesores Paula Pellegrino y Alejandro Pereira Ghiena Bit\u00e1cora Lima, Per\u00fa, 14 de mayo de 2026 Segu\u00eda tarareando el \u00faltimo verso del vals que disfrutamos anoche en el Centro Cultural Bre\u00f1a, cuando advert\u00ed que est\u00e1bamos cruzando el Puente de los Suspiros\u2026 \u201cEl &#8230; <a title=\"Mayo 2026\" class=\"read-more\" href=\"https:\/\/eab-bue.infd.edu.ar\/sitio\/mayo-2026\/\" aria-label=\"More on Mayo 2026\">[+]<\/a><\/p>\n","protected":false},"author":24,"featured_media":0,"parent":0,"menu_order":0,"comment_status":"closed","ping_status":"closed","template":"","meta":[],"acf":[],"_links":{"self":[{"href":"https:\/\/eab-bue.infd.edu.ar\/sitio\/wp-json\/wp\/v2\/pages\/3819"}],"collection":[{"href":"https:\/\/eab-bue.infd.edu.ar\/sitio\/wp-json\/wp\/v2\/pages"}],"about":[{"href":"https:\/\/eab-bue.infd.edu.ar\/sitio\/wp-json\/wp\/v2\/types\/page"}],"author":[{"embeddable":true,"href":"https:\/\/eab-bue.infd.edu.ar\/sitio\/wp-json\/wp\/v2\/users\/24"}],"replies":[{"embeddable":true,"href":"https:\/\/eab-bue.infd.edu.ar\/sitio\/wp-json\/wp\/v2\/comments?post=3819"}],"version-history":[{"count":5,"href":"https:\/\/eab-bue.infd.edu.ar\/sitio\/wp-json\/wp\/v2\/pages\/3819\/revisions"}],"predecessor-version":[{"id":3917,"href":"https:\/\/eab-bue.infd.edu.ar\/sitio\/wp-json\/wp\/v2\/pages\/3819\/revisions\/3917"}],"wp:attachment":[{"href":"https:\/\/eab-bue.infd.edu.ar\/sitio\/wp-json\/wp\/v2\/media?parent=3819"}],"curies":[{"name":"wp","href":"https:\/\/api.w.org\/{rel}","templated":true}]}}