{"id":3335,"date":"2025-04-01T08:47:03","date_gmt":"2025-04-01T11:47:03","guid":{"rendered":"https:\/\/eab-bue.infd.edu.ar\/sitio\/?page_id=3335"},"modified":"2025-05-16T14:24:48","modified_gmt":"2025-05-16T17:24:48","slug":"regimen-academico-marco-2025","status":"publish","type":"page","link":"https:\/\/eab-bue.infd.edu.ar\/sitio\/regimen-academico-marco-2025\/","title":{"rendered":"R\u00e9gimen Acad\u00e9mico Marco 2025"},"content":{"rendered":"\n<p style=\"font-size:25px\"><a rel=\"noreferrer noopener\" href=\"https:\/\/drive.google.com\/file\/d\/17H3WHupO9hZlmfVSV53WiDF2szgNXYMz\/view?usp=drive_link\" target=\"_blank\"> &#x1f449;R\u00e9gimen Acad\u00e9mico Marco Jurisdiccional<\/a><\/p>\n\n\n\n<p class=\"has-text-align-center has-electric-grass-gradient-background has-background\" style=\"font-size:21px\"><strong>\u00c1rea Visuales<\/strong><\/p>\n\n\n\n<p><a href=\"https:\/\/docs.google.com\/document\/d\/1R2pXestIUi8lSN4JUws--Kt9uoVLj6Bx\/edit?usp=sharing&amp;ouid=117652053914924440822&amp;rtpof=true&amp;sd=true\" target=\"_blank\" rel=\"noreferrer noopener\">Prof. de ARTES VISUALES or. Cer\u00e1mica<\/a><\/p>\n\n\n\n<p><a href=\"https:\/\/docs.google.com\/document\/d\/1PdQSqePrNcEEnwO4MzhhEoCm0kQ4A1Sg\/edit?usp=sharing&amp;ouid=117652053914924440822&amp;rtpof=true&amp;sd=true\" target=\"_blank\" rel=\"noreferrer noopener\">Prof. de ARTES VISUALES or. Pintura, Grabado, Escultura<\/a><\/p>\n\n\n\n<p><a href=\"https:\/\/docs.google.com\/document\/d\/1aeWCxFyEE4tGATNbSITvARZn5FgtxPc0\/edit?usp=sharing&amp;ouid=117652053914924440822&amp;rtpof=true&amp;sd=true\" target=\"_blank\" rel=\"noreferrer noopener\">Tecnicatura en DISE\u00d1O GR\u00c1FICO<\/a><\/p>\n\n\n\n<p><a href=\"https:\/\/docs.google.com\/document\/d\/1Ox4CttnPAfc1_Ps0tVezwcYBjK8YLYXY\/edit?usp=sharing&amp;ouid=117652053914924440822&amp;rtpof=true&amp;sd=true\" target=\"_blank\" rel=\"noreferrer noopener\">Tecnicatura en ILUSTRACI\u00d3N<\/a><\/p>\n\n\n\n<p><a href=\"https:\/\/docs.google.com\/document\/d\/1RYIyO6QIYGzzjfhZrtCWWxNQ_P-3-Crq\/edit?usp=sharing&amp;ouid=117652053914924440822&amp;rtpof=true&amp;sd=true\" target=\"_blank\" rel=\"noreferrer noopener\">Tecnicatura en VITRAL<\/a><\/p>\n\n\n\n<p class=\"has-text-align-center has-luminous-vivid-amber-to-luminous-vivid-orange-gradient-background has-background\" style=\"font-size:21px\"><strong>\u00c1rea Teatro<\/strong><\/p>\n\n\n\n<p><a href=\"https:\/\/docs.google.com\/document\/d\/1ESZaM4aWs71uw1wZBj7-rvkeXqrLV-GO\/edit?usp=sharing&amp;ouid=117652053914924440822&amp;rtpof=true&amp;sd=true\" target=\"_blank\" rel=\"noreferrer noopener\">Prof. de TEATRO<\/a><\/p>\n\n\n\n<p class=\"has-text-align-center has-pale-ocean-gradient-background has-background\" style=\"font-size:21px\"><strong>\u00c1rea M\u00fasica<\/strong><\/p>\n\n\n\n<p><a href=\"https:\/\/docs.google.com\/document\/d\/1sZTVZCj_t8syobPNwmPTveQKFp5qBKAO\/edit?usp=sharing&amp;ouid=117652053914924440822&amp;rtpof=true&amp;sd=true\" target=\"_blank\" rel=\"noreferrer noopener\">Prof. M\u00fasica or. EDUCACI\u00d3N MUSICAL<\/a><\/p>\n\n\n\n<p><a href=\"https:\/\/docs.google.com\/document\/d\/158Mo3p7w8QtSNL0FleQajcxdaf2DnSd2\/edit?usp=sharing&amp;ouid=117652053914924440822&amp;rtpof=true&amp;sd=true\" target=\"_blank\" rel=\"noreferrer noopener\">Prof. M\u00fasica or. INSTRUMENTO ACAD\u00c9MICO<\/a><\/p>\n\n\n\n<p><a rel=\"noreferrer noopener\" href=\"https:\/\/docs.google.com\/document\/d\/1eyCZ_Rx-MC9ImQMxlVAk724RaTBKNRC7\/edit?usp=sharing&amp;ouid=117652053914924440822&amp;rtpof=true&amp;sd=true\" target=\"_blank\">Prof. M\u00fasica or. INSTRUMENTO POPULAR<\/a><\/p>\n\n\n\n<p><a href=\"https:\/\/drive.google.com\/drive\/folders\/17Zp5oAoud8ofWfHHP5aHBdDI645HjM7B?usp=sharing\" target=\"_blank\" rel=\"noreferrer noopener\">FOBA<\/a><\/p>\n","protected":false},"excerpt":{"rendered":"<p>&#x1f449;R\u00e9gimen Acad\u00e9mico Marco Jurisdiccional \u00c1rea Visuales Prof. de ARTES VISUALES or. Cer\u00e1mica Prof. de ARTES VISUALES or. Pintura, Grabado, Escultura Tecnicatura en DISE\u00d1O GR\u00c1FICO Tecnicatura en ILUSTRACI\u00d3N Tecnicatura en VITRAL \u00c1rea Teatro Prof. de TEATRO \u00c1rea M\u00fasica Prof. M\u00fasica or. EDUCACI\u00d3N MUSICAL Prof. M\u00fasica or. INSTRUMENTO ACAD\u00c9MICO Prof. M\u00fasica or. INSTRUMENTO POPULAR FOBA<\/p>\n","protected":false},"author":4,"featured_media":0,"parent":0,"menu_order":0,"comment_status":"closed","ping_status":"closed","template":"","meta":[],"acf":[],"_links":{"self":[{"href":"https:\/\/eab-bue.infd.edu.ar\/sitio\/wp-json\/wp\/v2\/pages\/3335"}],"collection":[{"href":"https:\/\/eab-bue.infd.edu.ar\/sitio\/wp-json\/wp\/v2\/pages"}],"about":[{"href":"https:\/\/eab-bue.infd.edu.ar\/sitio\/wp-json\/wp\/v2\/types\/page"}],"author":[{"embeddable":true,"href":"https:\/\/eab-bue.infd.edu.ar\/sitio\/wp-json\/wp\/v2\/users\/4"}],"replies":[{"embeddable":true,"href":"https:\/\/eab-bue.infd.edu.ar\/sitio\/wp-json\/wp\/v2\/comments?post=3335"}],"version-history":[{"count":7,"href":"https:\/\/eab-bue.infd.edu.ar\/sitio\/wp-json\/wp\/v2\/pages\/3335\/revisions"}],"predecessor-version":[{"id":3404,"href":"https:\/\/eab-bue.infd.edu.ar\/sitio\/wp-json\/wp\/v2\/pages\/3335\/revisions\/3404"}],"wp:attachment":[{"href":"https:\/\/eab-bue.infd.edu.ar\/sitio\/wp-json\/wp\/v2\/media?parent=3335"}],"curies":[{"name":"wp","href":"https:\/\/api.w.org\/{rel}","templated":true}]}}