{"id":3007,"date":"2024-12-13T12:06:17","date_gmt":"2024-12-13T15:06:17","guid":{"rendered":"https:\/\/eab-bue.infd.edu.ar\/sitio\/?page_id=3007"},"modified":"2025-10-01T15:47:42","modified_gmt":"2025-10-01T18:47:42","slug":"octubre-2025","status":"publish","type":"page","link":"https:\/\/eab-bue.infd.edu.ar\/sitio\/octubre-2025\/","title":{"rendered":"Octubre 2025"},"content":{"rendered":"\n<figure class=\"wp-block-embed is-type-video is-provider-youtube wp-block-embed-youtube wp-embed-aspect-16-9 wp-has-aspect-ratio\"><div class=\"wp-block-embed__wrapper\">\n<iframe loading=\"lazy\" title=\"Octubre 2025. Dientes de cordero (2003). Los Piojos\" width=\"1200\" height=\"675\" src=\"https:\/\/www.youtube.com\/embed\/swEp-tixHU0?feature=oembed\" frameborder=\"0\" allow=\"accelerometer; autoplay; clipboard-write; encrypted-media; gyroscope; picture-in-picture; web-share\" referrerpolicy=\"strict-origin-when-cross-origin\" allowfullscreen><\/iframe>\n<\/div><\/figure>\n\n\n\n<p><\/p>\n\n\n\n<p><strong>Calendario Interdisciplinario 2025&nbsp;<em>Retratos del rock nacional: compromiso y cr\u00edtica pol\u00edtico social<\/em><\/strong><br>Escuela de Arte de Berisso<\/p>\n\n\n\n<p><strong>Coordinadores:<\/strong>\u00a0profesores Paula Pellegrino y Alejandro Pereira Ghiena; estudiantes Sheila Clidas y Sof\u00eda Garc\u00eda.<\/p>\n\n\n\n<p><strong>Dientes de cordero (2003). Los Piojos<\/strong><\/p>\n\n\n\n<p><em>Incluida en el disco M\u00e1quina de sangre (2003) <\/em><em>de la banda liderada por Andr\u00e9s Ciro Mart\u00ednez, Los Piojos, esta canci\u00f3n est\u00e1 ligada al estallido social argentino del a\u00f1o 2001, conocido como \u201cel argentinazo\u201d.<\/em><\/p>\n\n\n\n<p><em>En medio de una dif\u00edcil crisis econ\u00f3mica, pol\u00edtica e institucional, el pa\u00eds viv\u00eda momentos de tensi\u00f3n y descontento generalizado. Las calles fueron escenario de protestas que exig\u00edan la renuncia de la clase pol\u00edtica, reflejando la desesperaci\u00f3n de un pueblo al l\u00edmite. Este periodo represent\u00f3 un colapso al gobierno de Fernando de la R\u00faa y dej\u00f3 un desenlace tr\u00e1gico de al menos 36 muertos en enfrentamientos con la polic\u00eda.<\/em><\/p>\n\n\n\n<p><em>La canci\u00f3n por medio de met\u00e1foras y referencias sumerge a quien la escucha en el contexto de reclamo y disconformidad que se vivi\u00f3\u0301 frente a la Casa Rosada el 19 y 20 de diciembre del 2001. Presenta a las figuras de poder y autoridad como lobos ante un pueblo descontento representado por corderos, que en una de las protestas incendiaron una de las palmeras de la Plaza de Mayo como un acto de resistencia, mientras los \u00ablobos\u00bb observaban por televisi\u00f3n. La letra critica el colapso del modelo pol\u00edtico de los a\u00f1os 90 y la ilusi\u00f3n de estabilidad econ\u00f3mica, denunciando la desesperaci\u00f3n y la lucha por justicia en un pa\u00eds al borde del abismo, que lleg\u00f3 a tener cinco presidentes en una semana. Al mismo tiempo, la banda pone \u00e9nfasis en el acto de resistencia del pueblo argentino y hace un llamado a la memoria colectiva, invitando a reflexionar sobre la importancia de mantener viva la conciencia social y de actuar frente a las injusticias.<\/em><\/p>\n\n\n\n<p><strong>C\u00e1tedras participantes: <\/strong><\/p>\n\n\n\n<p>M\u00fasica Latinoamericana II. Profesor Alejandro Pereira Ghiena. Profesorado en M\u00fasica (Orientaci\u00f3n Instrumento\/ Canto M\u00fasica Popular; Educaci\u00f3n Musical)<\/p>\n\n\n\n<p>M\u00fasicxs<br>Floor de Pater (voz)<br>Leonardo Barrasso (guitarra el\u00e9ctrica)<br>Mat\u00edas Luque (bajo)<br>Belmiro Lopes de Oliveira (bater\u00eda)<\/p>\n\n\n\n<p>Taller de Ilustraci\u00f3n II. Profesora Paula Pellegrino.<br>Tecnicatura en Ilustraci\u00f3n<br>Lisandro Lencina (Ilustraci\u00f3n)<\/p>\n\n\n\n<p>Dise\u00f1o Gr\u00e1fico: Jos\u00e9 Grosso<\/p>\n\n\n\n<p>Grabaci\u00f3n: Alejandro Pereira Ghiena y Tecnicatura en Sonido y Grabaci\u00f3n de la Facultad de Artes, UNLP. Profesor Pablo Balut<\/p>\n\n\n\n<p>Mezcla: Matias Sellanes<\/p>\n\n\n\n<p>Video<strong>: <\/strong>Alejandro Pereira Ghiena y Paula Pellegrino<\/p>\n\n\n\n<div class=\"wp-block-media-text alignwide is-stacked-on-mobile\"><figure class=\"wp-block-media-text__media\"><img decoding=\"async\" loading=\"lazy\" width=\"1900\" height=\"1744\" src=\"https:\/\/eab-bue.infd.edu.ar\/sitio\/wp-content\/uploads\/2025\/10\/10-OCTUBRE-1900x1744.jpg\" alt=\"\" class=\"wp-image-3611 size-full\" srcset=\"https:\/\/eab-bue.infd.edu.ar\/sitio\/wp-content\/uploads\/2025\/10\/10-OCTUBRE-1900x1744.jpg 1900w, https:\/\/eab-bue.infd.edu.ar\/sitio\/wp-content\/uploads\/2025\/10\/10-OCTUBRE-1000x918.jpg 1000w, https:\/\/eab-bue.infd.edu.ar\/sitio\/wp-content\/uploads\/2025\/10\/10-OCTUBRE-768x705.jpg 768w, https:\/\/eab-bue.infd.edu.ar\/sitio\/wp-content\/uploads\/2025\/10\/10-OCTUBRE-1536x1410.jpg 1536w, https:\/\/eab-bue.infd.edu.ar\/sitio\/wp-content\/uploads\/2025\/10\/10-OCTUBRE-2048x1879.jpg 2048w\" sizes=\"(max-width: 1900px) 100vw, 1900px\" \/><\/figure><div class=\"wp-block-media-text__content\">\n<p><em>Bajo el an\u00e1lisis del tema musical \u201cDientes de cordero\u201d que atestigua a la vez que denuncia los sucesos hist\u00f3ricos ocurridos en la Argentina durante la crisis del 2001, mi ilustraci\u00f3n busca representar a la banda como una voz de protesta que habla por el pueblo. <\/em><\/p>\n\n\n\n<p><em>Los integrantes se representan como s\u00edmbolo de resistencia frente a las figuras de los lobos que encarnan el poder y la opresi\u00f3n, todo enmarcado en un contexto donde el pa\u00eds arde, reflejando el caos y la lucha de una sociedad al l\u00edmite\u201d. <\/em><\/p>\n\n\n\n<p><em>Lisandro Martin Lencina<\/em><strong><br><br><\/strong><\/p>\n<\/div><\/div>\n\n\n\n<p><a href=\"https:\/\/eab-bue.infd.edu.ar\/sitio\/?page_id=2962\">Volver a la p\u00e1gina principal del Calendario 2025<\/a><\/p>\n","protected":false},"excerpt":{"rendered":"<p>Calendario Interdisciplinario 2025&nbsp;Retratos del rock nacional: compromiso y cr\u00edtica pol\u00edtico socialEscuela de Arte de Berisso Coordinadores:\u00a0profesores Paula Pellegrino y Alejandro Pereira Ghiena; estudiantes Sheila Clidas y Sof\u00eda Garc\u00eda. Dientes de cordero (2003). Los Piojos Incluida en el disco M\u00e1quina de sangre (2003) de la banda liderada por Andr\u00e9s Ciro Mart\u00ednez, Los Piojos, esta canci\u00f3n est\u00e1 &#8230; <a title=\"Octubre 2025\" class=\"read-more\" href=\"https:\/\/eab-bue.infd.edu.ar\/sitio\/octubre-2025\/\" aria-label=\"More on Octubre 2025\">[+]<\/a><\/p>\n","protected":false},"author":24,"featured_media":0,"parent":0,"menu_order":0,"comment_status":"closed","ping_status":"closed","template":"","meta":[],"acf":[],"_links":{"self":[{"href":"https:\/\/eab-bue.infd.edu.ar\/sitio\/wp-json\/wp\/v2\/pages\/3007"}],"collection":[{"href":"https:\/\/eab-bue.infd.edu.ar\/sitio\/wp-json\/wp\/v2\/pages"}],"about":[{"href":"https:\/\/eab-bue.infd.edu.ar\/sitio\/wp-json\/wp\/v2\/types\/page"}],"author":[{"embeddable":true,"href":"https:\/\/eab-bue.infd.edu.ar\/sitio\/wp-json\/wp\/v2\/users\/24"}],"replies":[{"embeddable":true,"href":"https:\/\/eab-bue.infd.edu.ar\/sitio\/wp-json\/wp\/v2\/comments?post=3007"}],"version-history":[{"count":5,"href":"https:\/\/eab-bue.infd.edu.ar\/sitio\/wp-json\/wp\/v2\/pages\/3007\/revisions"}],"predecessor-version":[{"id":3613,"href":"https:\/\/eab-bue.infd.edu.ar\/sitio\/wp-json\/wp\/v2\/pages\/3007\/revisions\/3613"}],"wp:attachment":[{"href":"https:\/\/eab-bue.infd.edu.ar\/sitio\/wp-json\/wp\/v2\/media?parent=3007"}],"curies":[{"name":"wp","href":"https:\/\/api.w.org\/{rel}","templated":true}]}}