{"id":3004,"date":"2024-12-13T12:05:22","date_gmt":"2024-12-13T15:05:22","guid":{"rendered":"https:\/\/eab-bue.infd.edu.ar\/sitio\/?page_id=3004"},"modified":"2025-10-01T15:47:22","modified_gmt":"2025-10-01T18:47:22","slug":"septiembre-2025","status":"publish","type":"page","link":"https:\/\/eab-bue.infd.edu.ar\/sitio\/septiembre-2025\/","title":{"rendered":"Septiembre 2025"},"content":{"rendered":"\n<figure class=\"wp-block-embed is-type-video is-provider-youtube wp-block-embed-youtube wp-embed-aspect-16-9 wp-has-aspect-ratio\"><div class=\"wp-block-embed__wrapper\">\n<iframe loading=\"lazy\" title=\"Septiembre 2025. Western (2003). Attaque 77\" width=\"1200\" height=\"675\" src=\"https:\/\/www.youtube.com\/embed\/aZ8_ZcFQ4cc?feature=oembed\" frameborder=\"0\" allow=\"accelerometer; autoplay; clipboard-write; encrypted-media; gyroscope; picture-in-picture; web-share\" referrerpolicy=\"strict-origin-when-cross-origin\" allowfullscreen><\/iframe>\n<\/div><\/figure>\n\n\n\n<p><\/p>\n\n\n\n<p><strong>Calendario Interdisciplinario 2025 <em>Retratos del rock nacional: compromiso y cr\u00edtica pol\u00edtico social<\/em><\/strong><br>Escuela de Arte de Berisso<\/p>\n\n\n\n<p><strong>Coordinadores:<\/strong> profesores Paula Pellegrino y Alejandro Pereira Ghiena; estudiantes Sheila Clidas y Sof\u00eda Garc\u00eda<\/p>\n\n\n\n<p><strong>Western (2003). Attaque 77<\/strong><\/p>\n\n\n\n<p>\u00abWestern\u00bb es un profundo homenaje al doctor Ren\u00e9 Favaloro, a la vez que una mordaz cr\u00edtica social y pol\u00edtica a la corrupci\u00f3n e impunidad que imperan en el pa\u00eds. Attaque 77, la legendaria banda de punkrock, dedic\u00f3 este tema al \u201cmaestro del by pass\u201d en el 2003 luego de su triste final.<br>El coraz\u00f3n aparece como met\u00e1fora descarnada de la vida y la muerte, la iron\u00eda del cardi\u00f3logo que salv\u00f3 tantas vidas y se quit\u00f3 la suya de un disparo al coraz\u00f3n en el a\u00f1o 2000 ante la frustraci\u00f3n de luchar con la burocracia para solventar su fundaci\u00f3n.<br>La reiteraci\u00f3n de la frase \u00ab\u00bfQu\u00e9 esper\u00e1s?\u00bb insta a la acci\u00f3n y manifiesta la necesidad urgente de cambio, haci\u00e9ndonos corresponsables como ciudadanos en la construcci\u00f3n de una sociedad m\u00e1s justa.<br>El t\u00edtulo del tema musical, \u00abWestern\u00bb, que alude al g\u00e9nero cinematogr\u00e1fico estadounidense, viene a contrastar la ficci\u00f3n idealizada con nuestra realidad, que se torna m\u00e1s dura y despiadada. \u201cLos buenos mueren\u201d tambi\u00e9n se repite enfatizando la desesperanza que sienten muchas personas ante situaciones de injusticia y opresi\u00f3n.<\/p>\n\n\n\n<p><strong>Participantes:<\/strong><br>Ensamble de estudiantes y docentes<br>Profesorado de M\u00fasica (Orientaci\u00f3n Instrumento y canto popular)<\/p>\n\n\n\n<p>Int\u00e9rpretes: <br>Luciana Milomes (voz) <br>Juli\u00e1n Soliz (guitarra el\u00e9ctrica) <br>Ger\u00f3nimo Fabiano (guitarra el\u00e9ctrica) <br>Mariela Crespo (coros) <br>Candelaria Muntz (coros) <br>Juan Manuel C\u00f3rdoba (bater\u00eda) <br>Nazareno Speroni (bajo) <br>Alfonso \u00abChipi\u00bb Guevara (saxo) <\/p>\n\n\n\n<p>Taller de Ilustraci\u00f3n III. Profesora Paula Pellegrino <br>Tecnicatura en Ilustraci\u00f3n<br>AS77 (ilustraci\u00f3n) <\/p>\n\n\n\n<p>Grabaci\u00f3n: Tecnicatura en Sonido y Grabaci\u00f3n de la Facultad de Artes, UNLP. Profesor Pablo Balut <\/p>\n\n\n\n<p>Mezcla: Tecnicatura en Sonido y Grabaci\u00f3n de la Facultad de Artes, UNLP. Profesor Santiago \u00c1vila. <\/p>\n\n\n\n<p>Edici\u00f3n de video: Alejandro Pereira Ghiena y Paula Pellegrino.<br><\/p>\n\n\n\n<div class=\"wp-block-media-text alignwide is-stacked-on-mobile\"><figure class=\"wp-block-media-text__media\"><img decoding=\"async\" loading=\"lazy\" width=\"1900\" height=\"1744\" src=\"https:\/\/eab-bue.infd.edu.ar\/sitio\/wp-content\/uploads\/2025\/06\/09-SEPTIEMBRE-1900x1744.jpg\" alt=\"\" class=\"wp-image-3472 size-full\" srcset=\"https:\/\/eab-bue.infd.edu.ar\/sitio\/wp-content\/uploads\/2025\/06\/09-SEPTIEMBRE-1900x1744.jpg 1900w, https:\/\/eab-bue.infd.edu.ar\/sitio\/wp-content\/uploads\/2025\/06\/09-SEPTIEMBRE-1000x918.jpg 1000w, https:\/\/eab-bue.infd.edu.ar\/sitio\/wp-content\/uploads\/2025\/06\/09-SEPTIEMBRE-768x705.jpg 768w, https:\/\/eab-bue.infd.edu.ar\/sitio\/wp-content\/uploads\/2025\/06\/09-SEPTIEMBRE-1536x1410.jpg 1536w, https:\/\/eab-bue.infd.edu.ar\/sitio\/wp-content\/uploads\/2025\/06\/09-SEPTIEMBRE-2048x1879.jpg 2048w\" sizes=\"(max-width: 1900px) 100vw, 1900px\" \/><\/figure><div class=\"wp-block-media-text__content\">\n<p><em>\u201cLa obra es un tributo emotivo y visual al Dr. Rene Favaloro, inspirada en la canci\u00f3n de Attaque 77. Esta pieza busca captar la esencia de la pasi\u00f3n y dedicaci\u00f3n que el m\u00e9dico mostr\u00f3 a lo largo de su vida, as\u00ed como la tragedia que rodea a su muerte.<\/em> <em>La est\u00e9tica de la obra se divide en 2 partes: una austera y minimalista que representa la serenidad, la introspecci\u00f3n y su forma de vivir la vida y, otra de gran realismo, que refleja la complejidad de la vida del cardi\u00f3logo. Esta dualidad no solo hace alusi\u00f3n a su profesi\u00f3n, sino que tambi\u00e9n invita al espectador a reflexionar sobre la fragilidad de la vida y la importancia de la medicina.<\/em> <em>La inclusi\u00f3n de elementos que hacen referencia directa, crea una composici\u00f3n poderosa y conmovedora que rinde homenaje a su legado. Cada elemento ha sido cuidadosamente seleccionado para contar una historia visual que resuena con la experiencia humana.<\/em> <em>El uso de lo crom\u00e1tico y acrom\u00e1ticos en la obra genera un contraste significativo que marca la dualidad: la vida y la muerte. El color rojo, predominante en la composici\u00f3n, unifica todos los elementos y dirige la atenci\u00f3n hacia los aspectos m\u00e1s importantes de la obra. Este color simboliza no solo la sangre y el coraz\u00f3n, sino tambi\u00e9n el peligro y la pasi\u00f3n que caracterizan tanto la vida del m\u00e9dico como la de sus pacientes.<\/em> <em>Los integrantes de la banda, aunque presentes, ocupan un segundo plano, creando un marco que enmarca la escena principal. Esto permite que la atenci\u00f3n se centre en el homenaje a Favaloro, mientras que la m\u00fasica de Attaque 77 resuene en el fondo, a\u00f1adiendo una capa emocional a la obra. Esta pieza busca no solo recordar al m\u00e9dico, sino tambi\u00e9n celebrar el impacto en la vida de muchos, convirti\u00e9ndose en un s\u00edmbolo de esperanza y dedicaci\u00f3n en el campo de la medicina\u201d. AS77\/24<\/em><\/p>\n<\/div><\/div>\n\n\n\n<p><em>.<\/em><\/p>\n\n\n\n<p><a href=\"https:\/\/eab-bue.infd.edu.ar\/sitio\/?page_id=2962\">Volver a la p\u00e1gina principal del Calendario 2025<\/a><\/p>\n","protected":false},"excerpt":{"rendered":"<p>Calendario Interdisciplinario 2025 Retratos del rock nacional: compromiso y cr\u00edtica pol\u00edtico socialEscuela de Arte de Berisso Coordinadores: profesores Paula Pellegrino y Alejandro Pereira Ghiena; estudiantes Sheila Clidas y Sof\u00eda Garc\u00eda Western (2003). Attaque 77 \u00abWestern\u00bb es un profundo homenaje al doctor Ren\u00e9 Favaloro, a la vez que una mordaz cr\u00edtica social y pol\u00edtica a la &#8230; <a title=\"Septiembre 2025\" class=\"read-more\" href=\"https:\/\/eab-bue.infd.edu.ar\/sitio\/septiembre-2025\/\" aria-label=\"More on Septiembre 2025\">[+]<\/a><\/p>\n","protected":false},"author":24,"featured_media":0,"parent":0,"menu_order":0,"comment_status":"closed","ping_status":"closed","template":"","meta":[],"acf":[],"_links":{"self":[{"href":"https:\/\/eab-bue.infd.edu.ar\/sitio\/wp-json\/wp\/v2\/pages\/3004"}],"collection":[{"href":"https:\/\/eab-bue.infd.edu.ar\/sitio\/wp-json\/wp\/v2\/pages"}],"about":[{"href":"https:\/\/eab-bue.infd.edu.ar\/sitio\/wp-json\/wp\/v2\/types\/page"}],"author":[{"embeddable":true,"href":"https:\/\/eab-bue.infd.edu.ar\/sitio\/wp-json\/wp\/v2\/users\/24"}],"replies":[{"embeddable":true,"href":"https:\/\/eab-bue.infd.edu.ar\/sitio\/wp-json\/wp\/v2\/comments?post=3004"}],"version-history":[{"count":6,"href":"https:\/\/eab-bue.infd.edu.ar\/sitio\/wp-json\/wp\/v2\/pages\/3004\/revisions"}],"predecessor-version":[{"id":3612,"href":"https:\/\/eab-bue.infd.edu.ar\/sitio\/wp-json\/wp\/v2\/pages\/3004\/revisions\/3612"}],"wp:attachment":[{"href":"https:\/\/eab-bue.infd.edu.ar\/sitio\/wp-json\/wp\/v2\/media?parent=3004"}],"curies":[{"name":"wp","href":"https:\/\/api.w.org\/{rel}","templated":true}]}}