{"id":3001,"date":"2024-12-13T12:03:51","date_gmt":"2024-12-13T15:03:51","guid":{"rendered":"https:\/\/eab-bue.infd.edu.ar\/sitio\/?page_id=3001"},"modified":"2025-07-30T12:55:14","modified_gmt":"2025-07-30T15:55:14","slug":"agosto-2025","status":"publish","type":"page","link":"https:\/\/eab-bue.infd.edu.ar\/sitio\/agosto-2025\/","title":{"rendered":"Agosto 2025"},"content":{"rendered":"\n<figure class=\"wp-block-embed is-type-video is-provider-youtube wp-block-embed-youtube wp-embed-aspect-16-9 wp-has-aspect-ratio\"><div class=\"wp-block-embed__wrapper\">\n<iframe loading=\"lazy\" title=\"Agosto 2025. Vuelos (1998)\" width=\"1200\" height=\"675\" src=\"https:\/\/www.youtube.com\/embed\/dFvZNW_Ly9I?feature=oembed\" frameborder=\"0\" allow=\"accelerometer; autoplay; clipboard-write; encrypted-media; gyroscope; picture-in-picture; web-share\" referrerpolicy=\"strict-origin-when-cross-origin\" allowfullscreen><\/iframe>\n<\/div><\/figure>\n\n\n\n<p><strong>Calendario Interdisciplinario 2025 Retratos del rock nacional: compromiso y cr\u00edtica pol\u00edtico social<\/strong><br>Escuela de Arte de Berisso<\/p>\n\n\n\n<p><strong>Coordinadores:<\/strong>\u00a0profesores Paula Pellegrino y Alejandro Pereira Ghiena; estudiantes Sheila Clidas y Sof\u00eda Garc\u00eda<\/p>\n\n\n\n<p><strong>Vuelos (1998). Bersuit Vergarabat<\/strong><\/p>\n\n\n\n<p>La canci\u00f3n \u201cVuelos\u201d, escrita por Pepe C\u00e9spedes, retrata uno de los episodios m\u00e1s tr\u00e1gicos de la historia argentina en el contexto de la \u00faltima dictadura c\u00edvico militar. Relata en primera persona los momentos finales de una v\u00edctima de los \u201cvuelos de la muerte\u201d que interpela a su verdugo. Desde lo musical se resalta el clima de la canci\u00f3n con un car\u00e1cter profundo que moviliza la sensibilidad. A diferencia de la organizaci\u00f3n formal t\u00edpica de las canciones del g\u00e9nero donde el estribillo es la parte m\u00e1s en\u00e9rgica e intensa, Bersuit propone estribillos con una textura sutil y sonoridades tenues que imprimen un clima \u00edntimo y reflexivo.<\/p>\n\n\n\n<p><strong>C\u00e1tedras participantes:<\/strong><\/p>\n\n\n\n<p>M\u00fasica Latinoamericana II. Profesor Alejandro Pereira Ghiena.<br>Profesorado en M\u00fasica (Orientaci\u00f3n Instrumento\/ Canto M\u00fasica Popular; Educaci\u00f3n Musical)<\/p>\n\n\n\n<p>Int\u00e9rpretes:<br>Floor de Pater (voz)<br>Aixa Sanz (guitarra y voz)<br>Leonardo Barrasso (guitarra el\u00e9ctrica)<br>Mat\u00edas Luque (bajo)<br>Belmiro Lopes de Oliveira (bater\u00eda)<\/p>\n\n\n\n<p>Taller de Ilustraci\u00f3n III. Profesora Paula Pellegrino<br>Tecnicatura en Ilustraci\u00f3n<br>Micaela Sonaglia (ilustraci\u00f3n) <\/p>\n\n\n\n<p>Grabaci\u00f3n: Alejandro Pereira Ghiena y Tecnicatura en Sonido y Grabaci\u00f3n de la Facultad de Artes, UNLP. Profesor Pablo Balut <\/p>\n\n\n\n<p>Mezcla: Julio Caputo<\/p>\n\n\n\n<p>Edici\u00f3n de video: Alejandro Pereira Ghiena y Paula Pellegrino<\/p>\n\n\n\n<div class=\"wp-block-media-text alignwide is-stacked-on-mobile\"><figure class=\"wp-block-media-text__media\"><img decoding=\"async\" loading=\"lazy\" width=\"1900\" height=\"1744\" src=\"https:\/\/eab-bue.infd.edu.ar\/sitio\/wp-content\/uploads\/2025\/07\/08-AGOSTO-1900x1744.jpg\" alt=\"\" class=\"wp-image-3549 size-full\" srcset=\"https:\/\/eab-bue.infd.edu.ar\/sitio\/wp-content\/uploads\/2025\/07\/08-AGOSTO-1900x1744.jpg 1900w, https:\/\/eab-bue.infd.edu.ar\/sitio\/wp-content\/uploads\/2025\/07\/08-AGOSTO-1000x918.jpg 1000w, https:\/\/eab-bue.infd.edu.ar\/sitio\/wp-content\/uploads\/2025\/07\/08-AGOSTO-768x705.jpg 768w, https:\/\/eab-bue.infd.edu.ar\/sitio\/wp-content\/uploads\/2025\/07\/08-AGOSTO-1536x1410.jpg 1536w, https:\/\/eab-bue.infd.edu.ar\/sitio\/wp-content\/uploads\/2025\/07\/08-AGOSTO-2048x1880.jpg 2048w\" sizes=\"(max-width: 1900px) 100vw, 1900px\" \/><\/figure><div class=\"wp-block-media-text__content\">\n<p><em>\u201cHacer esta ilustraci\u00f3n fue un desaf\u00edo que disfrut\u00e9 mucho. Representar la canci\u00f3n \u00abVuelos\u00bb de Bersuit Vergarabat usando el color azul fue acertado, ya que quer\u00eda que reflejara la intensidad y melancol\u00eda de su mensaje.<\/em><\/p>\n\n\n\n<p><em>Decid\u00ed incluir ojos porque en la canci\u00f3n se habla mucho de la mirada, y retrat\u00e9 al bajista, ya que fue el autor de esta obra tan significativa. Tambi\u00e9n incorpor\u00e9 el libro que inspir\u00f3 la creaci\u00f3n de la canci\u00f3n, como un gui\u00f1o a su origen. La parte inferior representa la bruma del mar, pero con l\u00edneas rayadas para evocar los pijamas que usaban los integrantes de la banda al cantar.<\/em><\/p>\n\n\n\n<p><em>Por \u00faltimo, los elementos que caen simbolizan los vuelos de la muerte, conectando con la frase mencionada en la canci\u00f3n. Aunque fue un proceso laborioso tomar tantas decisiones, estoy muy feliz con el resultado, ya que logr\u00e9 plasmar los s\u00edmbolos y la esencia del tema de una forma personal y visualmente impactante\u201d. <\/em><\/p>\n\n\n\n<p><em>Micaela Sonaglia<\/em><\/p>\n<\/div><\/div>\n\n\n\n<p><a href=\"https:\/\/eab-bue.infd.edu.ar\/sitio\/?page_id=2962\">Volver a la p\u00e1gina principal del Calendario 2025<\/a><\/p>\n","protected":false},"excerpt":{"rendered":"<p>Calendario Interdisciplinario 2025 Retratos del rock nacional: compromiso y cr\u00edtica pol\u00edtico socialEscuela de Arte de Berisso Coordinadores:\u00a0profesores Paula Pellegrino y Alejandro Pereira Ghiena; estudiantes Sheila Clidas y Sof\u00eda Garc\u00eda Vuelos (1998). Bersuit Vergarabat La canci\u00f3n \u201cVuelos\u201d, escrita por Pepe C\u00e9spedes, retrata uno de los episodios m\u00e1s tr\u00e1gicos de la historia argentina en el contexto de &#8230; <a title=\"Agosto 2025\" class=\"read-more\" href=\"https:\/\/eab-bue.infd.edu.ar\/sitio\/agosto-2025\/\" aria-label=\"More on Agosto 2025\">[+]<\/a><\/p>\n","protected":false},"author":24,"featured_media":0,"parent":0,"menu_order":0,"comment_status":"closed","ping_status":"closed","template":"","meta":[],"acf":[],"_links":{"self":[{"href":"https:\/\/eab-bue.infd.edu.ar\/sitio\/wp-json\/wp\/v2\/pages\/3001"}],"collection":[{"href":"https:\/\/eab-bue.infd.edu.ar\/sitio\/wp-json\/wp\/v2\/pages"}],"about":[{"href":"https:\/\/eab-bue.infd.edu.ar\/sitio\/wp-json\/wp\/v2\/types\/page"}],"author":[{"embeddable":true,"href":"https:\/\/eab-bue.infd.edu.ar\/sitio\/wp-json\/wp\/v2\/users\/24"}],"replies":[{"embeddable":true,"href":"https:\/\/eab-bue.infd.edu.ar\/sitio\/wp-json\/wp\/v2\/comments?post=3001"}],"version-history":[{"count":5,"href":"https:\/\/eab-bue.infd.edu.ar\/sitio\/wp-json\/wp\/v2\/pages\/3001\/revisions"}],"predecessor-version":[{"id":3550,"href":"https:\/\/eab-bue.infd.edu.ar\/sitio\/wp-json\/wp\/v2\/pages\/3001\/revisions\/3550"}],"wp:attachment":[{"href":"https:\/\/eab-bue.infd.edu.ar\/sitio\/wp-json\/wp\/v2\/media?parent=3001"}],"curies":[{"name":"wp","href":"https:\/\/api.w.org\/{rel}","templated":true}]}}