{"id":2006,"date":"2023-10-22T21:53:10","date_gmt":"2023-10-23T00:53:10","guid":{"rendered":"https:\/\/eab-bue.infd.edu.ar\/sitio\/?page_id=2006"},"modified":"2023-12-14T23:48:54","modified_gmt":"2023-12-15T02:48:54","slug":"febrero-2024","status":"publish","type":"page","link":"https:\/\/eab-bue.infd.edu.ar\/sitio\/febrero-2024\/","title":{"rendered":"Febrero 2024"},"content":{"rendered":"\n<figure class=\"wp-block-embed is-type-video is-provider-youtube wp-block-embed-youtube wp-embed-aspect-16-9 wp-has-aspect-ratio\"><div class=\"wp-block-embed__wrapper\">\n<iframe loading=\"lazy\" title=\"Febrero 2024. A la luna enamorada. Murga (Uruguay)\" width=\"1200\" height=\"675\" src=\"https:\/\/www.youtube.com\/embed\/UtLwNVlQmcw?feature=oembed\" frameborder=\"0\" allow=\"accelerometer; autoplay; clipboard-write; encrypted-media; gyroscope; picture-in-picture; web-share\" allowfullscreen><\/iframe>\n<\/div><\/figure>\n\n\n\n<p><strong>Calendario Interdisciplinario 2024 <em>Tramas Latinoamericanas<\/em><\/strong> <br>Escuela de Arte de Berisso <\/p>\n\n\n\n<p><strong>Coordinadores:<\/strong> Paula Pellegrino y Alejandro Pereira Ghiena<\/p>\n\n\n\n<h6 class=\"wp-block-heading\">A la luna enamorada. Murga (Uruguay)<\/h6>\n\n\n\n<p><em>\u201c<\/em><em>Dicen que la murga es<\/em><em><br><\/em><em>un bombo y un redoblante<\/em><em><br><\/em><em>la murga es viento de voces<\/em><em><br><\/em><em>que te impulsa hacia delante.\u201d<\/em><br>Falta y Resto &#8211; Retirada 1982<\/p>\n\n\n\n<p>La murga uruguaya es la expresi\u00f3n del sentir de un pueblo que canta profunda y sat\u00edricamente su realidad. Su realizaci\u00f3n implica una performance interdisciplinaria que incluye m\u00fasica, danza, actuaci\u00f3n y vestuario. Entre las principales caracter\u00edsticas que le dan identidad musical al g\u00e9nero encontramos el canto polif\u00f3nico, generalmente a tres voces, con una forma particular de emitir el sonido, nasal y adelante. El acompa\u00f1amiento es realizado por la bater\u00eda, compuesta por redoblante, bombo y platillos de entrechoque.&nbsp;<\/p>\n\n\n\n<p>En esta oportunidad interpretamos \u201cA la luna enamorada\u201d, una canci\u00f3n de la murga Falta y Resto en ritmo de \u201cmarcha cami\u00f3n\u201d por iniciativa y con direcci\u00f3n de Sebasti\u00e1n Orellano.<\/p>\n\n\n\n<p><em>La murga nos da su voz para celebrar Latinoam\u00e9rica! Su m\u00fasica y su cultura, tramas art\u00edsticas que reflejan un sin fin de identidades pero que se hacen una en este vasto territorio colmado de arte. La luna enamorada del carnaval, enamorada de la murga, enamorada del arte latinoamericano, refleja el color de la fuerza de un pueblo golpeado pero que no cae. Lo sostienen miles de m\u00fasicas acompa\u00f1ando su latir<\/em>.<\/p>\n\n\n\n<p><strong>C\u00e1tedras participantes:<\/strong><strong><br><\/strong> <em>M\u00fasica Latinoamericana<\/em>. Profesor Alejandro Pereira Ghiena<br>Profesorado en M\u00fasica (Orientaci\u00f3n Instrumento\/Canto Popular) y Profesorado en M\u00fasica (Orientaci\u00f3n Educaci\u00f3n Musical)<\/p>\n\n\n\n<p>Murga:<br>Sebasti\u00e1n Orellano (director)<br>Ezequiel Sottile Baez (primo)<br>Diego Barrientos (primo)<br>Ismael Bozok (primo)<br>Hern\u00e1n Figueroa (primo)<br>Florencia Lustanau (sobreprima)<br>Aixa Sanz (sobreprima)<br>Renzo Cistola (sobreprimo)<br>Marcelo Herrera (segundo)<br>H\u00e9ctor Tapia (segundo)<br>Alejandro Pereira Ghiena (segundo)<\/p>\n\n\n\n<p>Bater\u00eda:<br>Hern\u00e1n Figueroa (redoblante)<br>Sebasti\u00e1n Orellano (bombo)<br>Marcelo Herrera (platillos)<\/p>\n\n\n\n<p><em>Taller de Ilustraci\u00f3n III<\/em>. Profesora Paula Pellegrino Tecnicatura en Ilustraci\u00f3n<br>Tob\u00edas Predovan (ilustraci\u00f3n)<\/p>\n\n\n\n<p><em>Grabaci\u00f3n<\/em>: Mat\u00edas Sellanes y Tulio Simeoni<br><em>Mezcla<\/em>: Tulio Simeoni<br><em>Edici\u00f3n de video:<\/em> Alejandro Pereira Ghiena<\/p>\n\n\n\n<div class=\"wp-block-media-text alignwide is-stacked-on-mobile\"><figure class=\"wp-block-media-text__media\"><img decoding=\"async\" loading=\"lazy\" width=\"1900\" height=\"1900\" src=\"https:\/\/eab-bue.infd.edu.ar\/sitio\/wp-content\/uploads\/2023\/12\/Murga-1-1900x1900.png\" alt=\"\" class=\"wp-image-2195 size-full\" srcset=\"https:\/\/eab-bue.infd.edu.ar\/sitio\/wp-content\/uploads\/2023\/12\/Murga-1-1900x1900.png 1900w, https:\/\/eab-bue.infd.edu.ar\/sitio\/wp-content\/uploads\/2023\/12\/Murga-1-1000x1000.png 1000w, https:\/\/eab-bue.infd.edu.ar\/sitio\/wp-content\/uploads\/2023\/12\/Murga-1-500x500.png 500w, https:\/\/eab-bue.infd.edu.ar\/sitio\/wp-content\/uploads\/2023\/12\/Murga-1-768x768.png 768w, https:\/\/eab-bue.infd.edu.ar\/sitio\/wp-content\/uploads\/2023\/12\/Murga-1-1536x1536.png 1536w, https:\/\/eab-bue.infd.edu.ar\/sitio\/wp-content\/uploads\/2023\/12\/Murga-1.png 2000w\" sizes=\"(max-width: 1900px) 100vw, 1900px\" \/><\/figure><div class=\"wp-block-media-text__content\">\n<p><\/p>\n\n\n\n<p>Las configuraciones abstractas est\u00e1n basadas en el maquillaje de los murgueros de estilo grotesco; la presencia del color y las formas grandes dan fuerza a las expresiones del personaje.<\/p>\n\n\n\n<p>La canci\u00f3n le canta a la luna, motivo que reitero en la composici\u00f3n. La flor Duraznillo de R\u00edo que tapiza el fondo es una herb\u00e1cea nativa de Uruguay.<\/p>\n\n\n\n<p>El contexto de la murga es el carnaval, los colores vibrantes y contrastados de la trama refuerzan el car\u00e1cter festivo del g\u00e9nero. (Tob\u00edas Predovan)<\/p>\n<\/div><\/div>\n\n\n\n<p><\/p>\n\n\n\n<p><\/p>\n\n\n\n<p class=\"has-text-align-right\"><\/p>\n","protected":false},"excerpt":{"rendered":"<p>Calendario Interdisciplinario 2024 Tramas Latinoamericanas Escuela de Arte de Berisso Coordinadores: Paula Pellegrino y Alejandro Pereira Ghiena A la luna enamorada. Murga (Uruguay) \u201cDicen que la murga esun bombo y un redoblantela murga es viento de vocesque te impulsa hacia delante.\u201dFalta y Resto &#8211; Retirada 1982 La murga uruguaya es la expresi\u00f3n del sentir de &#8230; <a title=\"Febrero 2024\" class=\"read-more\" href=\"https:\/\/eab-bue.infd.edu.ar\/sitio\/febrero-2024\/\" aria-label=\"More on Febrero 2024\">[+]<\/a><\/p>\n","protected":false},"author":24,"featured_media":0,"parent":0,"menu_order":0,"comment_status":"closed","ping_status":"closed","template":"","meta":[],"acf":[],"_links":{"self":[{"href":"https:\/\/eab-bue.infd.edu.ar\/sitio\/wp-json\/wp\/v2\/pages\/2006"}],"collection":[{"href":"https:\/\/eab-bue.infd.edu.ar\/sitio\/wp-json\/wp\/v2\/pages"}],"about":[{"href":"https:\/\/eab-bue.infd.edu.ar\/sitio\/wp-json\/wp\/v2\/types\/page"}],"author":[{"embeddable":true,"href":"https:\/\/eab-bue.infd.edu.ar\/sitio\/wp-json\/wp\/v2\/users\/24"}],"replies":[{"embeddable":true,"href":"https:\/\/eab-bue.infd.edu.ar\/sitio\/wp-json\/wp\/v2\/comments?post=2006"}],"version-history":[{"count":7,"href":"https:\/\/eab-bue.infd.edu.ar\/sitio\/wp-json\/wp\/v2\/pages\/2006\/revisions"}],"predecessor-version":[{"id":2216,"href":"https:\/\/eab-bue.infd.edu.ar\/sitio\/wp-json\/wp\/v2\/pages\/2006\/revisions\/2216"}],"wp:attachment":[{"href":"https:\/\/eab-bue.infd.edu.ar\/sitio\/wp-json\/wp\/v2\/media?parent=2006"}],"curies":[{"name":"wp","href":"https:\/\/api.w.org\/{rel}","templated":true}]}}