{"id":1246,"date":"2023-03-06T20:06:28","date_gmt":"2023-03-06T23:06:28","guid":{"rendered":"https:\/\/eab-bue.infd.edu.ar\/sitio\/?page_id=1246"},"modified":"2025-12-02T08:57:48","modified_gmt":"2025-12-02T11:57:48","slug":"evaluacion-y-acreditacion-regimen-academico","status":"publish","type":"page","link":"https:\/\/eab-bue.infd.edu.ar\/sitio\/evaluacion-y-acreditacion-regimen-academico\/","title":{"rendered":"Evaluaci\u00f3n y acreditaci\u00f3n R\u00e9gimen Acad\u00e9mico"},"content":{"rendered":"\n<h3 class=\"wp-block-heading\">Pautas para la evaluaci\u00f3n y acreditaci\u00f3n EAB <\/h3>\n\n\n\n<p>(clic en el enlace)&#x1f449;&nbsp;<a href=\"https:\/\/drive.google.com\/drive\/folders\/10xa2NYwn5EUSjxOE7T0kRvV5bcGmYBgo?usp=drive_link\" target=\"_blank\" rel=\"noreferrer noopener\">PAUTAS PARA LA EVALUACI\u00d3N Y ACREDITACI\u00d3N EAB<\/a><\/p>\n\n\n\n<p><\/p>\n","protected":false},"excerpt":{"rendered":"<p>Pautas para la evaluaci\u00f3n y acreditaci\u00f3n EAB (clic en el enlace)&#x1f449;&nbsp;PAUTAS PARA LA EVALUACI\u00d3N Y ACREDITACI\u00d3N EAB<\/p>\n","protected":false},"author":4,"featured_media":0,"parent":0,"menu_order":0,"comment_status":"closed","ping_status":"closed","template":"","meta":[],"acf":[],"_links":{"self":[{"href":"https:\/\/eab-bue.infd.edu.ar\/sitio\/wp-json\/wp\/v2\/pages\/1246"}],"collection":[{"href":"https:\/\/eab-bue.infd.edu.ar\/sitio\/wp-json\/wp\/v2\/pages"}],"about":[{"href":"https:\/\/eab-bue.infd.edu.ar\/sitio\/wp-json\/wp\/v2\/types\/page"}],"author":[{"embeddable":true,"href":"https:\/\/eab-bue.infd.edu.ar\/sitio\/wp-json\/wp\/v2\/users\/4"}],"replies":[{"embeddable":true,"href":"https:\/\/eab-bue.infd.edu.ar\/sitio\/wp-json\/wp\/v2\/comments?post=1246"}],"version-history":[{"count":6,"href":"https:\/\/eab-bue.infd.edu.ar\/sitio\/wp-json\/wp\/v2\/pages\/1246\/revisions"}],"predecessor-version":[{"id":3778,"href":"https:\/\/eab-bue.infd.edu.ar\/sitio\/wp-json\/wp\/v2\/pages\/1246\/revisions\/3778"}],"wp:attachment":[{"href":"https:\/\/eab-bue.infd.edu.ar\/sitio\/wp-json\/wp\/v2\/media?parent=1246"}],"curies":[{"name":"wp","href":"https:\/\/api.w.org\/{rel}","templated":true}]}}