{"id":1231,"date":"2024-10-04T14:38:29","date_gmt":"2024-10-04T17:38:29","guid":{"rendered":"https:\/\/eab-bue.infd.edu.ar\/sitio\/?page_id=1231"},"modified":"2026-02-23T16:52:54","modified_gmt":"2026-02-23T19:52:54","slug":"formularios-de-inscripcion-mesas-de-examen","status":"publish","type":"page","link":"https:\/\/eab-bue.infd.edu.ar\/sitio\/formularios-de-inscripcion-mesas-de-examen\/","title":{"rendered":"Mesas de examen 2026"},"content":{"rendered":"\n<p class=\"has-medium-font-size\"><strong>MESAS DE EX\u00c1MENES 2026 &#8211; TURNO FEBRERO-MARZO<\/strong><\/p>\n\n\n\n<p>&#x1f449; Inscripci\u00f3n a<strong> Mesas de examen turno febrero- marzo 2026<\/strong>: desde el <strong>mi\u00e9rcoles 18 al lunes 23 de<\/strong> <strong>febrero<\/strong>.<\/p>\n\n\n\n<p>&#x1f449; Mesas de examen turno marzo: desde el<strong> mi\u00e9rcoles 25 de febrero al lunes 9 de marzo<\/strong>.<\/p>\n\n\n\n<p class=\"has-text-align-center has-base-2-background-color has-background\" style=\"font-size:19px\">&#x1f449;<strong><a href=\"https:\/\/drive.google.com\/drive\/folders\/1JtIpiu-sHprRkSRsHjMaRFJrKAMQ-prh\"> CRONOGRAMA A MESAS DE EXAMEN FEBRERO\/MARZO<\/a><\/strong> (En actualizaci\u00f3n)<\/p>\n\n\n\n<p>&#x1f7e7; <strong>Los cronogramas se encuentran en actualizaci\u00f3n. Una vez finalizada la inscripci\u00f3n a mesas , se publicar\u00e1n los cronogramas de mesas confirmadas<\/strong>.<\/p>\n\n\n\n<p class=\"has-text-align-center\" style=\"font-size:25px\"><strong>FORMULARIOS:<\/strong><\/p>\n\n\n\n<p class=\"has-vivid-cyan-blue-to-vivid-purple-gradient-background has-background has-medium-font-size\"><strong>\u00c1REA ARTES VISUALES<\/strong> <\/p>\n\n\n\n<p>&#x1f449;<a href=\"https:\/\/forms.gle\/ap4hh5izHB1q4dfF8\" target=\"_blank\" rel=\"noreferrer noopener\">  FORMULARIO A MESAS DE EXAMEN &#8211; PROF. P.A.V (PINTURA\/GRABADO\/ESCULTURA)<\/a><\/p>\n\n\n\n<p>&#x1f449; <a href=\"https:\/\/forms.gle\/WNGoWNDDx8dm9QQv7\" target=\"_blank\" rel=\"noreferrer noopener\">FORMULARIO A MESAS DE EXAMEN &#8211; PROF. P.A.V (OR. CER\u00c1MICA)<\/a><\/p>\n\n\n\n<p>&#x1f449;<a href=\"https:\/\/forms.gle\/rhHocPdAMhLeQxeV7\" target=\"_blank\" rel=\"noreferrer noopener\"> FORMULARIO A MESAS DE EXAMEN &#8211; TEC. VITRAL<\/a><\/p>\n\n\n\n<p>&#x1f449; <a href=\"https:\/\/forms.gle\/nGJfuqQngzxwLizg6\" target=\"_blank\" rel=\"noreferrer noopener\">FORMULARIO A MESAS DE EXAMEN &#8211; TEC. DISE\u00d1O GR\u00c1FICO<\/a><\/p>\n\n\n\n<p>&#x1f449; <a href=\"https:\/\/forms.gle\/znqJ2FFr9LezbuBJ8\" target=\"_blank\" rel=\"noreferrer noopener\">FORMULARIO A MESAS DE EXAMEN &#8211; TEC. ILUSTRACI\u00d3N<\/a><\/p>\n\n\n\n<p class=\"has-luminous-vivid-amber-to-luminous-vivid-orange-gradient-background has-background\"><strong>\u00c1REA TEATRO<\/strong><\/p>\n\n\n\n<p>&#x1f449;  <a href=\"https:\/\/forms.gle\/naERCwohFxXMSwMg7\" target=\"_blank\" rel=\"noreferrer noopener\">FORMULARIO A MESAS DE EXAMEN &#8211; PROF. TEATRO<\/a><\/p>\n\n\n\n<p class=\"has-blush-bordeaux-gradient-background has-background\"><strong>\u00c1REA M\u00daSICA<\/strong><\/p>\n\n\n\n<p>&#x1f449; <a href=\"https:\/\/forms.gle\/dEdgk7KaBSmQR8iCA\" target=\"_blank\" rel=\"noreferrer noopener\">FORMULARIO A MESAS DE EXAMEN &#8211; FOBA INSTR. POPULAR<\/a><\/p>\n\n\n\n<p>&#x1f449; <a href=\"https:\/\/forms.gle\/vcrqu9nYidmDrum38\" target=\"_blank\" rel=\"noreferrer noopener\">FORMULARIO A MESAS DE EXAMEN &#8211; FOBA CANTO POPULAR<\/a><\/p>\n\n\n\n<p>&#x1f449; <a href=\"https:\/\/forms.gle\/A79h9pCeBZqKvcGY9\" target=\"_blank\" rel=\"noreferrer noopener\">FORMULARIO A MESAS DE EXAMEN &#8211; FOBA CANTO L\u00cdRICO<\/a><\/p>\n\n\n\n<p>&#x1f449; <a rel=\"noreferrer noopener\" href=\"https:\/\/forms.gle\/fzoE41GyDYLpEMdu7\" target=\"_blank\">FORMULARIO A MESAS DE EXAMEN &#8211; FOBA INST. ACAD\u00c9MICO <\/a><\/p>\n\n\n\n<p>&#x1f449; <a href=\"https:\/\/forms.gle\/RAUz5QSkRzRgwLAGA\" target=\"_blank\" rel=\"noreferrer noopener\">FORMULARIO A MESAS DE EXAMEN &#8211; FOBA ED. MUSICAL<\/a><\/p>\n\n\n\n<p>&#x1f449; <a href=\"https:\/\/forms.gle\/EpYZQBMF9bWNyFS17\" target=\"_blank\" rel=\"noreferrer noopener\">FORMULARIO A MESAS DE EXAMEN &#8211; PROF. OR. EDUCACI\u00d3N MUSICAL<\/a><\/p>\n\n\n\n<p>&#x1f449; <a href=\"https:\/\/forms.gle\/wccdfLvum319wrP27\" target=\"_blank\" rel=\"noreferrer noopener\">FORMULARIO A MESAS DE EXAMEN &#8211; PROF. EN M\u00daSICA INSTRUMENTO &#8211; CANTO EN M\u00daSICA POPULAR<\/a><\/p>\n\n\n\n<p>&#x1f449; <a href=\"https:\/\/forms.gle\/Zpz58uJAaJ3VzxHz7\" target=\"_blank\" rel=\"noreferrer noopener\">FORMULARIO A MESAS DE EXAMEN &#8211; PROF. EN M\u00daSICA INSTRUMENTO ACAD\u00c9MICO<\/a><\/p>\n\n\n\n<p>&#x1f449; <a rel=\"noreferrer noopener\" href=\"https:\/\/forms.gle\/4ejbMnvs1KpueuWR9\" target=\"_blank\">FORMULARIO A MESAS DE EXAMEN &#8211; INSTRUMENTO\/CANTO;INSTRM ARMONICO;CAMARA;REPERTORIO<\/a><\/p>\n\n\n\n<p><\/p>\n\n\n\n<p><\/p>\n\n\n\n<p><\/p>\n","protected":false},"excerpt":{"rendered":"<p>MESAS DE EX\u00c1MENES 2026 &#8211; TURNO FEBRERO-MARZO &#x1f449; Inscripci\u00f3n a Mesas de examen turno febrero- marzo 2026: desde el mi\u00e9rcoles 18 al lunes 23 de febrero. &#x1f449; Mesas de examen turno marzo: desde el mi\u00e9rcoles 25 de febrero al lunes 9 de marzo. &#x1f449; CRONOGRAMA A MESAS DE EXAMEN FEBRERO\/MARZO (En actualizaci\u00f3n) &#x1f7e7; Los cronogramas &#8230; <a title=\"Mesas de examen 2026\" class=\"read-more\" href=\"https:\/\/eab-bue.infd.edu.ar\/sitio\/formularios-de-inscripcion-mesas-de-examen\/\" aria-label=\"More on Mesas de examen 2026\">[+]<\/a><\/p>\n","protected":false},"author":4,"featured_media":0,"parent":0,"menu_order":0,"comment_status":"closed","ping_status":"closed","template":"","meta":[],"acf":[],"_links":{"self":[{"href":"https:\/\/eab-bue.infd.edu.ar\/sitio\/wp-json\/wp\/v2\/pages\/1231"}],"collection":[{"href":"https:\/\/eab-bue.infd.edu.ar\/sitio\/wp-json\/wp\/v2\/pages"}],"about":[{"href":"https:\/\/eab-bue.infd.edu.ar\/sitio\/wp-json\/wp\/v2\/types\/page"}],"author":[{"embeddable":true,"href":"https:\/\/eab-bue.infd.edu.ar\/sitio\/wp-json\/wp\/v2\/users\/4"}],"replies":[{"embeddable":true,"href":"https:\/\/eab-bue.infd.edu.ar\/sitio\/wp-json\/wp\/v2\/comments?post=1231"}],"version-history":[{"count":62,"href":"https:\/\/eab-bue.infd.edu.ar\/sitio\/wp-json\/wp\/v2\/pages\/1231\/revisions"}],"predecessor-version":[{"id":3955,"href":"https:\/\/eab-bue.infd.edu.ar\/sitio\/wp-json\/wp\/v2\/pages\/1231\/revisions\/3955"}],"wp:attachment":[{"href":"https:\/\/eab-bue.infd.edu.ar\/sitio\/wp-json\/wp\/v2\/media?parent=1231"}],"curies":[{"name":"wp","href":"https:\/\/api.w.org\/{rel}","templated":true}]}}