{"id":1137,"date":"2022-09-08T11:09:59","date_gmt":"2022-09-08T14:09:59","guid":{"rendered":"https:\/\/eab-bue.infd.edu.ar\/sitio\/?page_id=1137"},"modified":"2026-03-16T17:10:58","modified_gmt":"2026-03-16T20:10:58","slug":"musica","status":"publish","type":"page","link":"https:\/\/eab-bue.infd.edu.ar\/sitio\/musica\/","title":{"rendered":"M\u00fasica"},"content":{"rendered":"\n<p class=\"has-contrast-color has-text-color has-background\" style=\"background:linear-gradient(135deg,rgb(255,245,203) 100%,rgb(182,227,212) 100%,rgb(51,167,181) 100%)\"><strong>FOBA:<\/strong>&nbsp;&nbsp;(ciclo de Formaci\u00f3n B\u00e1sica) pre requisito para cursar profesorados y tecnicaturas.&nbsp;<\/p>\n\n\n\n<ul class=\"has-base-2-background-color has-background\">\n<li><a href=\"https:\/\/drive.google.com\/file\/d\/1kUwXENg4Rh8G5QKmrTV_JKl-kpilziBk\/view?usp=sharing\" target=\"_blank\" rel=\"noreferrer noopener\">FOBA M\u00fasica Instrumento acad\u00e9mico<\/a><\/li>\n\n\n\n<li><a href=\"https:\/\/drive.google.com\/file\/d\/1ToL4wyAbhnMbwWbzVghW5YwYXWb3Gu7h\/view?usp=sharing\" target=\"_blank\" rel=\"noreferrer noopener\">FOBA Instrumento Popular<\/a><\/li>\n\n\n\n<li><a href=\"https:\/\/drive.google.com\/file\/d\/12IGWxFiC89Bd2MFkaCmE86z7KO71_23F\/view?usp=sharing\" target=\"_blank\" rel=\"noreferrer noopener\">FOBA Canto Popular<\/a><\/li>\n\n\n\n<li><a href=\"https:\/\/drive.google.com\/file\/d\/13qZLhJggaZ_dhR508mzgf_WLODQJlUCd\/view?usp=sharing\" target=\"_blank\" rel=\"noreferrer noopener\">FOBA Canto L\u00edrico<\/a><\/li>\n\n\n\n<li><a href=\"https:\/\/drive.google.com\/file\/d\/167RtreUumlxqYTeEQDoBdvj6D70U3YEj\/view?usp=sharing\" target=\"_blank\" rel=\"noreferrer noopener\">FOBA&nbsp; Educaci\u00f3n Musical<\/a><\/li>\n\n\n\n<li><a href=\"https:\/\/drive.google.com\/file\/d\/1LXqHH9p3JOJIBoRhQwBs5a-SGpChalD_\/view?usp=sharing\" target=\"_blank\" rel=\"noreferrer noopener\">FOBA Ciclo inicial y medio<\/a><\/li>\n<\/ul>\n\n\n\n<ul class=\"has-background\" style=\"background:linear-gradient(36deg,rgb(122,220,180) 0%,rgb(0,208,130) 100%)\">\n<li><a href=\"https:\/\/drive.google.com\/file\/d\/1gUSH7kYUP9a6768iwrhp8_cNra14koF0\/view?usp=sharing\" target=\"_blank\" rel=\"noreferrer noopener\">Tecnicatura en Capacitaci\u00f3n Instrumental  <\/a><\/li>\n\n\n\n<li><a href=\"https:\/\/drive.google.com\/file\/d\/1yqm_D4nJgZMejM7w0cZtzdYzWOspz26f\/view?usp=sharing\" target=\"_blank\" rel=\"noreferrer noopener\">Tecnicatura en instrumento \/ Canto Popular<\/a><\/li>\n<\/ul>\n\n\n\n<ul class=\"has-very-light-gray-to-cyan-bluish-gray-gradient-background has-background\">\n<li><a href=\"https:\/\/drive.google.com\/file\/d\/1pK-vCdQXGG86ZP6YqGQN_TUFZ21VTVv-\/view?usp=sharing\" target=\"_blank\" rel=\"noreferrer noopener\">Profesorado de M\u00fasica (Orientaci\u00f3n en Educaci\u00f3n Musical)<\/a><\/li>\n\n\n\n<li><a href=\"https:\/\/drive.google.com\/file\/d\/1AmTIVfxj5pKD0GI0R4D6po0QptGopwmi\/view?usp=sharing\" target=\"_blank\" rel=\"noreferrer noopener\">Profesorado en M\u00fasica (Orientaci\u00f3n Instrumento)<\/a><\/li>\n\n\n\n<li><a rel=\"noreferrer noopener\" href=\"https:\/\/drive.google.com\/file\/d\/1MYu5wE8Zq1_7uPhEkVHoAaXzqQeBGlRP\/view?usp=sharing\" target=\"_blank\">Profesorado en M\u00fasica (Orientaci\u00f3n Instrumento\/Canto\/M\u00fasica Popular)<\/a><\/li>\n<\/ul>\n\n\n\n<figure class=\"wp-block-gallery has-nested-images columns-default is-cropped wp-block-gallery-1 is-layout-flex\"><\/figure>\n","protected":false},"excerpt":{"rendered":"<p>FOBA:&nbsp;&nbsp;(ciclo de Formaci\u00f3n B\u00e1sica) pre requisito para cursar profesorados y tecnicaturas.&nbsp;<\/p>\n","protected":false},"author":4,"featured_media":0,"parent":0,"menu_order":0,"comment_status":"closed","ping_status":"closed","template":"","meta":[],"acf":[],"_links":{"self":[{"href":"https:\/\/eab-bue.infd.edu.ar\/sitio\/wp-json\/wp\/v2\/pages\/1137"}],"collection":[{"href":"https:\/\/eab-bue.infd.edu.ar\/sitio\/wp-json\/wp\/v2\/pages"}],"about":[{"href":"https:\/\/eab-bue.infd.edu.ar\/sitio\/wp-json\/wp\/v2\/types\/page"}],"author":[{"embeddable":true,"href":"https:\/\/eab-bue.infd.edu.ar\/sitio\/wp-json\/wp\/v2\/users\/4"}],"replies":[{"embeddable":true,"href":"https:\/\/eab-bue.infd.edu.ar\/sitio\/wp-json\/wp\/v2\/comments?post=1137"}],"version-history":[{"count":36,"href":"https:\/\/eab-bue.infd.edu.ar\/sitio\/wp-json\/wp\/v2\/pages\/1137\/revisions"}],"predecessor-version":[{"id":4042,"href":"https:\/\/eab-bue.infd.edu.ar\/sitio\/wp-json\/wp\/v2\/pages\/1137\/revisions\/4042"}],"wp:attachment":[{"href":"https:\/\/eab-bue.infd.edu.ar\/sitio\/wp-json\/wp\/v2\/media?parent=1137"}],"curies":[{"name":"wp","href":"https:\/\/api.w.org\/{rel}","templated":true}]}}